{"id":62,"date":"2026-01-09T12:03:11","date_gmt":"2026-01-09T15:03:11","guid":{"rendered":"https:\/\/lawngreen-armadillo-379819.hostingersite.com\/cases\/?page_id=62"},"modified":"2026-04-08T13:51:24","modified_gmt":"2026-04-08T16:51:24","slug":"case-nomad","status":"publish","type":"page","link":"https:\/\/catalystgrowth.app\/cases\/case-nomad\/","title":{"rendered":"Case Nomad"},"content":{"rendered":"\t\t<div data-elementor-type=\"wp-page\" data-elementor-id=\"62\" class=\"elementor elementor-62\">\n\t\t\t\t<div class=\"elementor-element elementor-element-9b076bb e-con-full e-flex e-con e-parent\" data-id=\"9b076bb\" data-element_type=\"container\" data-e-type=\"container\" data-settings=\"{&quot;background_background&quot;:&quot;classic&quot;}\">\n\t\t<div class=\"elementor-element elementor-element-e8ee008 e-grid e-con-full e-con e-child\" data-id=\"e8ee008\" data-element_type=\"container\" data-e-type=\"container\">\n\t\t\t\t<div class=\"elementor-element elementor-element-b57736c elementor-widget elementor-widget-image\" data-id=\"b57736c\" data-element_type=\"widget\" data-e-type=\"widget\" data-widget_type=\"image.default\">\n\t\t\t\t\t\t\t\t\t\t\t\t\t\t\t<img fetchpriority=\"high\" decoding=\"async\" width=\"836\" height=\"298\" src=\"https:\/\/catalystgrowth.app\/cases\/wp-content\/uploads\/2026\/01\/nomad-logo.png\" class=\"attachment-large size-large wp-image-64\" alt=\"\" srcset=\"https:\/\/catalystgrowth.app\/cases\/wp-content\/uploads\/2026\/01\/nomad-logo.png 836w, https:\/\/catalystgrowth.app\/cases\/wp-content\/uploads\/2026\/01\/nomad-logo-300x107.png 300w, https:\/\/catalystgrowth.app\/cases\/wp-content\/uploads\/2026\/01\/nomad-logo-768x274.png 768w\" sizes=\"(max-width: 836px) 100vw, 836px\" \/>\t\t\t\t\t\t\t\t\t\t\t\t\t\t\t<\/div>\n\t\t\t\t<div class=\"elementor-element elementor-element-40eb03c elementor-widget elementor-widget-text-editor\" data-id=\"40eb03c\" data-element_type=\"widget\" data-e-type=\"widget\" data-widget_type=\"text-editor.default\">\n\t\t\t\t\t\t\t\t\t<h1 style=\"text-align: center;\"><span style=\"color: #ffffff;\">Escala com Performance para a Nomad<\/span><\/h1><div><span style=\"color: #ffffff;\"><br><\/span><\/div>\n<p style=\"text-align: center;\"><span style=\"color: #ffffff;\">Como alcan\u00e7amos 184% de escala no investimento e reduzimos o CPA de contas qualificadas em 41%.<\/span><\/p>\n<p style=\"text-align: center;\">\n<\/p>\t\t\t\t\t\t\t\t<\/div>\n\t\t\t\t<\/div>\n\t\t\t\t<\/div>\n\t\t<div class=\"elementor-element elementor-element-5fdd0c0 e-flex e-con-boxed e-con e-parent\" data-id=\"5fdd0c0\" data-element_type=\"container\" data-e-type=\"container\">\n\t\t\t\t\t<div class=\"e-con-inner\">\n\t\t<div class=\"elementor-element elementor-element-f87eee4 e-grid e-con-full e-con e-child\" data-id=\"f87eee4\" data-element_type=\"container\" data-e-type=\"container\">\n\t\t\t\t<div class=\"elementor-element elementor-element-0150cfe elementor-widget elementor-widget-text-editor\" data-id=\"0150cfe\" data-element_type=\"widget\" data-e-type=\"widget\" data-widget_type=\"text-editor.default\">\n\t\t\t\t\t\t\t\t\t<h1 style=\"text-align: left;\"><span style=\"color: #000000;\">O DESAFIO<\/span><\/h1><p style=\"text-align: left;\"><span style=\"color: #000000;\">A plataforma era operada pela equipe da Nomad, que enfrentava dificuldades em fazer com que as campanhas de aquisi\u00e7\u00e3o escalassem de forma saud\u00e1vel, ou seja, aumentando o volume de usu\u00e1rios sem que os custos por aquisi\u00e7\u00e3o sa\u00edssem do controle.<\/span><\/p>\t\t\t\t\t\t\t\t<\/div>\n\t\t\t\t<div class=\"elementor-element elementor-element-8702a73 elementor-widget elementor-widget-text-editor\" data-id=\"8702a73\" data-element_type=\"widget\" data-e-type=\"widget\" data-widget_type=\"text-editor.default\">\n\t\t\t\t\t\t\t\t\t<h1 style=\"text-align: left;\"><span style=\"color: #000000;\">NOSSA SOLU\u00c7\u00c3O<\/span><\/h1><p style=\"text-align: left;\"><span style=\"color: #000000;\">Realizamos uma reestrutura\u00e7\u00e3o completa das campanhas de Apple Ads, focando em otimiza\u00e7\u00e3o de lances e segmenta\u00e7\u00e3o de p\u00fablico. Atrav\u00e9s da nossa expertise, criamos um modelo que permitiu escalar o investimento de forma inteligente, priorizando a aquisi\u00e7\u00e3o de usu\u00e1rios qualificados e reduzindo o CPA de abertura de conta.<\/span><\/p>\t\t\t\t\t\t\t\t<\/div>\n\t\t\t\t<\/div>\n\t\t\t\t\t<\/div>\n\t\t\t\t<\/div>\n\t\t<div class=\"elementor-element elementor-element-bb43d5d e-flex e-con-boxed e-con e-parent\" data-id=\"bb43d5d\" data-element_type=\"container\" data-e-type=\"container\" data-settings=\"{&quot;background_background&quot;:&quot;classic&quot;}\">\n\t\t\t\t\t<div class=\"e-con-inner\">\n\t\t\t\t<div class=\"elementor-element elementor-element-19793a7 elementor-widget elementor-widget-text-editor\" data-id=\"19793a7\" data-element_type=\"widget\" data-e-type=\"widget\" data-widget_type=\"text-editor.default\">\n\t\t\t\t\t\t\t\t\t<h2 style=\"text-align: center;\"><span style=\"color: #000000;\">Resultados Incr\u00edveis<\/span><\/h2>\t\t\t\t\t\t\t\t<\/div>\n\t\t<div class=\"elementor-element elementor-element-d563a43 e-con-full e-flex e-con e-child\" data-id=\"d563a43\" data-element_type=\"container\" data-e-type=\"container\" data-settings=\"{&quot;background_background&quot;:&quot;classic&quot;}\">\n\t\t<div class=\"elementor-element elementor-element-cdb0b8f e-grid e-con-full e-con e-child\" data-id=\"cdb0b8f\" data-element_type=\"container\" data-e-type=\"container\">\n\t\t\t\t<div class=\"elementor-element elementor-element-22c104e elementor-widget elementor-widget-text-editor\" data-id=\"22c104e\" data-element_type=\"widget\" data-e-type=\"widget\" data-widget_type=\"text-editor.default\">\n\t\t\t\t\t\t\t\t\t<p><style>\n  \/* Estilo padr\u00e3o (telas maiores) *\/<br \/>\n  .result-box {<br \/>\n    text-align: center;<br \/>\n    font-family: sans-serif; \/* Opcional: ajuste para a fonte do seu site *\/<br \/>\n  }<\/p>\n<p>  .result__number {<br \/>\n    font-size: 48px;<br \/>\n    font-weight: bold;<br \/>\n  }<\/p>\n<p>  .result__description {<br \/>\n    color: #000000;<br \/>\n    font-size: 18px;<br \/>\n    margin-top: 5px;<br \/>\n  }<\/p>\n<p>  \/* Estilo responsivo (celulares at\u00e9 768px de largura) *\/<br \/>\n  @media (max-width: 768px) {<br \/>\n    .result__number {<br \/>\n      font-size: 28px; \/* Reduz o tamanho do n\u00famero no mobile *\/<br \/>\n    }<\/p>\n<p>    .result__description {<br \/>\n      font-size: 14px; \/* Reduz o texto descritivo no mobile *\/<br \/>\n    }<br \/>\n  }<br \/>\n<\/style><\/p><h2 style=\"text-align: center;\"><span class=\"result__number\">184%<\/span><\/h2><p style=\"text-align: center;\"><span style=\"color: #000000;\">de escala no investimento<\/span><\/p>\t\t\t\t\t\t\t\t<\/div>\n\t\t\t\t<div class=\"elementor-element elementor-element-cc54565 elementor-widget elementor-widget-text-editor\" data-id=\"cc54565\" data-element_type=\"widget\" data-e-type=\"widget\" data-widget_type=\"text-editor.default\">\n\t\t\t\t\t\t\t\t\t<h2 style=\"text-align: center;\"><span class=\"result__number\">94%<\/span><\/h2><p class=\"result__description\" style=\"text-align: center;\"><span style=\"color: #000000;\">de aumento nos n\u00fameros de aquisi\u00e7\u00e3o<\/span><\/p>\t\t\t\t\t\t\t\t<\/div>\n\t\t\t\t<div class=\"elementor-element elementor-element-8a04974 elementor-widget elementor-widget-text-editor\" data-id=\"8a04974\" data-element_type=\"widget\" data-e-type=\"widget\" data-widget_type=\"text-editor.default\">\n\t\t\t\t\t\t\t\t\t<h2 style=\"text-align: center;\"><span class=\"result__number\">41%<\/span><\/h2><p class=\"result__description\" style=\"text-align: center;\"><span style=\"color: #000000;\">de redu\u00e7\u00e3o no CPA de conta qualificada<\/span><\/p>\t\t\t\t\t\t\t\t<\/div>\n\t\t\t\t<\/div>\n\t\t\t\t<\/div>\n\t\t\t\t\t<\/div>\n\t\t\t\t<\/div>\n\t\t<div class=\"elementor-element elementor-element-2c51026 e-con-full e-flex e-con e-parent\" data-id=\"2c51026\" data-element_type=\"container\" data-e-type=\"container\">\n\t\t<div class=\"elementor-element elementor-element-743b2a3 e-con-full e-flex e-con e-child\" data-id=\"743b2a3\" data-element_type=\"container\" data-e-type=\"container\" data-settings=\"{&quot;background_background&quot;:&quot;classic&quot;}\">\n\t\t<div class=\"elementor-element elementor-element-8580976 e-grid e-con-full e-con e-child\" data-id=\"8580976\" data-element_type=\"container\" data-e-type=\"container\">\n\t\t\t\t<div class=\"elementor-element elementor-element-bb83bf7 elementor-widget elementor-widget-image\" data-id=\"bb83bf7\" data-element_type=\"widget\" data-e-type=\"widget\" data-widget_type=\"image.default\">\n\t\t\t\t\t\t\t\t\t\t\t\t\t\t\t<img decoding=\"async\" width=\"116\" height=\"122\" src=\"https:\/\/catalystgrowth.app\/cases\/wp-content\/uploads\/2026\/01\/depoimento-img.png\" class=\"attachment-thumbnail size-thumbnail wp-image-65\" alt=\"\" \/>\t\t\t\t\t\t\t\t\t\t\t\t\t\t\t<\/div>\n\t\t\t\t<div class=\"elementor-element elementor-element-108fb63 elementor-widget elementor-widget-text-editor\" data-id=\"108fb63\" data-element_type=\"widget\" data-e-type=\"widget\" data-widget_type=\"text-editor.default\">\n\t\t\t\t\t\t\t\t\t<p style=\"text-align: center;\"><span style=\"color: #ffffff;\">&#8220;Em nosso primeiro m\u00eas operando com a Catalyst, em compara\u00e7\u00e3o com o m\u00eas anterior, conseguimos escalar nossos investimentos nas campanhas de Apple Ads.\u00a0<\/span><\/p><p style=\"text-align: center;\"><span style=\"color: #ffffff;\">Nossos n\u00fameros de aquisi\u00e7\u00e3o cresceram consequentes de uma redu\u00e7\u00e3o do CPA de conta aberta. Estamos muito felizes com a parceria!&#8221;\u00a0<\/span><\/p><p style=\"text-align: center;\"><span style=\"color: #ffffff;\"><b>Priscilla Domit \u2022 Growth Analyst Nomad<\/b><\/span><\/p>\t\t\t\t\t\t\t\t<\/div>\n\t\t\t\t<\/div>\n\t\t\t\t<\/div>\n\t\t\t\t<\/div>\n\t\t\t\t<\/div>\n\t\t","protected":false},"excerpt":{"rendered":"<p>Escala com Performance para a Nomad Como alcan\u00e7amos 184% de escala no investimento e reduzimos o CPA de contas qualificadas [&hellip;]<\/p>\n","protected":false},"author":1,"featured_media":0,"parent":0,"menu_order":0,"comment_status":"closed","ping_status":"closed","template":"","meta":{"_acf_changed":false,"site-sidebar-layout":"no-sidebar","site-content-layout":"","ast-site-content-layout":"full-width-container","site-content-style":"default","site-sidebar-style":"default","ast-global-header-display":"","ast-banner-title-visibility":"","ast-main-header-display":"","ast-hfb-above-header-display":"","ast-hfb-below-header-display":"","ast-hfb-mobile-header-display":"","site-post-title":"disabled","ast-breadcrumbs-content":"","ast-featured-img":"disabled","footer-sml-layout":"","theme-transparent-header-meta":"","adv-header-id-meta":"","stick-header-meta":"","header-above-stick-meta":"","header-main-stick-meta":"","header-below-stick-meta":"","astra-migrate-meta-layouts":"default","ast-page-background-enabled":"default","ast-page-background-meta":{"desktop":{"background-color":"var(--ast-global-color-5)","background-image":"","background-repeat":"repeat","background-position":"center center","background-size":"auto","background-attachment":"scroll","background-type":"","background-media":"","overlay-type":"","overlay-color":"","overlay-opacity":"","overlay-gradient":""},"tablet":{"background-color":"","background-image":"","background-repeat":"repeat","background-position":"center center","background-size":"auto","background-attachment":"scroll","background-type":"","background-media":"","overlay-type":"","overlay-color":"","overlay-opacity":"","overlay-gradient":""},"mobile":{"background-color":"","background-image":"","background-repeat":"repeat","background-position":"center center","background-size":"auto","background-attachment":"scroll","background-type":"","background-media":"","overlay-type":"","overlay-color":"","overlay-opacity":"","overlay-gradient":""}},"ast-content-background-meta":{"desktop":{"background-color":"var(--ast-global-color-4)","background-image":"","background-repeat":"repeat","background-position":"center center","background-size":"auto","background-attachment":"scroll","background-type":"","background-media":"","overlay-type":"","overlay-color":"","overlay-opacity":"","overlay-gradient":""},"tablet":{"background-color":"var(--ast-global-color-4)","background-image":"","background-repeat":"repeat","background-position":"center center","background-size":"auto","background-attachment":"scroll","background-type":"","background-media":"","overlay-type":"","overlay-color":"","overlay-opacity":"","overlay-gradient":""},"mobile":{"background-color":"var(--ast-global-color-4)","background-image":"","background-repeat":"repeat","background-position":"center center","background-size":"auto","background-attachment":"scroll","background-type":"","background-media":"","overlay-type":"","overlay-color":"","overlay-opacity":"","overlay-gradient":""}},"footnotes":""},"class_list":["post-62","page","type-page","status-publish","hentry"],"acf":[],"_links":{"self":[{"href":"https:\/\/catalystgrowth.app\/cases\/wp-json\/wp\/v2\/pages\/62","targetHints":{"allow":["GET"]}}],"collection":[{"href":"https:\/\/catalystgrowth.app\/cases\/wp-json\/wp\/v2\/pages"}],"about":[{"href":"https:\/\/catalystgrowth.app\/cases\/wp-json\/wp\/v2\/types\/page"}],"author":[{"embeddable":true,"href":"https:\/\/catalystgrowth.app\/cases\/wp-json\/wp\/v2\/users\/1"}],"replies":[{"embeddable":true,"href":"https:\/\/catalystgrowth.app\/cases\/wp-json\/wp\/v2\/comments?post=62"}],"version-history":[{"count":21,"href":"https:\/\/catalystgrowth.app\/cases\/wp-json\/wp\/v2\/pages\/62\/revisions"}],"predecessor-version":[{"id":126,"href":"https:\/\/catalystgrowth.app\/cases\/wp-json\/wp\/v2\/pages\/62\/revisions\/126"}],"wp:attachment":[{"href":"https:\/\/catalystgrowth.app\/cases\/wp-json\/wp\/v2\/media?parent=62"}],"curies":[{"name":"wp","href":"https:\/\/api.w.org\/{rel}","templated":true}]}}